 the units digit of f?
7
Let t(j) be the third derivative of -j**5/60 + 5*j**4/6 - 17*j**3/6 + 10*j**2. What is the units digit of t(19)?
2
Suppose 5*f = 4*y + 3339, -197*f - 664 = -198*f - 3*y. What is the units digit of f?
7
Suppose -3*i + i = 4*q - 4, 4*q + 4 = 2*i. What is the tens digit of (q - 1)/(15/(-270))?
1
Let s(h) = -h**3 + 4*h**2 + h + 2. Suppose 2*t = 5*t - 12. Let f be s(t). Let c = f - -12. What is the units digit of c?
8
Suppose -5*t = -3*t + h + 8, -2*t - 14 = 4*h. Let l be (0 - t) + 115 + 2. Suppose 0 = -x + 4*x - l. What is the units digit of x?
0
Let b = -46 - -48. Suppose x = -0*x - t + 315, -b*x - 3*t = -625. What is the hundreds digit of x?
3
Let s(g) be the third derivative of g**6/120 - g**5/20 + g**4/24 - g**3/2 + 3*g**2. Let d be s(3). Suppose d = -0*o - 4*o + 56. What is the tens digit of o?
1
What is the units digit of 803584/258 - (2 - 4/3)?
4
Suppose 0 = -4*i - 2*i + 234. Let z = i + 162. What is the hundreds digit of z?
2
Let m(f) = -f**2 + 5*f + 9. Let s be m(5). Let o be (-897)/9 - (-6)/s. Let y = -44 - o. What is the tens digit of y?
5
Suppose -4*x + 3078 = 2*l - 0*x, -5*x = -5*l + 7650. What is the units digit of l?
3
Suppose 760 = 15*k - 19*k. Let s = -5 - k. What is the tens digit of s?
8
Let c(g) = -g**2 + 7*g - 16. Let m be c(16). Let z = m - -244. What is the units digit of z?
4
Suppose -12 = -2*p - p. Suppose -p*q - 2*h - 18 = -0*h, -4*q = -3*h + 43. Let r(j) = j**3 + 7*j**2 - 4*j - 10. What is the units digit of r(q)?
8
Let f = 859 - -183. What is the hundreds digit of f?
0
Let m(q) = -q**3 + 4*q**2 - 4*q. Let w be m(3). Suppose -4*i - 29 = 5*d, 4*d = -3*i - 28 + 5. Let p = i - w. What is the units digit of p?
2
What is the units digit of -15 + 14 + (111 - 3)?
7
Let k(u) = -u + 8. Let x be k(3). Let q = -1 + x. Suppose -q*z = -7*z + 135. What is the tens digit of z?
4
Let s(a) = a**3 + 22*a**2 - 43*a - 25. What is the units digit of s(-21)?
9
Let w = 13 + -11. Suppose 0*r + z + 114 = r, w*r + z - 237 = 0. What is the hundreds digit of r?
1
Let b(c) be the second derivative of c**4/12 + 4*c**3/3 + 9*c**2/2 - 6*c. Let s be b(-6). What is the units digit of 9 - (0 - s)*1?
6
Suppose 35 - 25 = i. What is the units digit of (-8)/6*(-5)/i*33?
2
What is the tens digit of (16/9 - 2) + 2035/45?
4
Suppose 0 = 51*t - 203727 + 28338. What is the units digit of t?
9
Suppose l = 2*l + 4, 2*g - 22 = 3*l. Suppose g*i - q + 2*q = 66, 0 = 2*q + 8. What is the tens digit of i?
1
Suppose -7*p + 5*p = 4. Let s be p/(4/(-6)) - 4. Let a(o) = 36*o**2 + o. What is the tens digit of a(s)?
3
Let y(q) be the first derivative of q**3/3 + q**2/2 - 17*q - 6. Let l be y(-7). Suppose -3*h + 2*h = 3, 0 = 4*k - 3*h - l. What is the units digit of k?
4
Suppose 956 + 2607 = 7*l. What is the tens digit of l?
0
Let j be (2 - 2)*2/(-6). Let r(s) = 0*s + 3 - s**2 - 4*s + j + 2. What is the units digit of r(-4)?
5
Let u = 456 - -77. What is the units digit of u?
3
Let v = -2149 - -3051. What is the tens digit of (v/(-88))/(2/(-8))?
4
Let g = 998 - 212. Suppose 249 + g = 3*v. Suppose -41 = 5*m - 4*n - v, -m + 76 = 3*n. What is the units digit of m?
4
Let u be (-37 - 3)/1*-14. Suppose u = 2*x + 3*x. What is the units digit of x?
2
Let b = 7540 + -4959. What is the hundreds digit of b?
5
Let z = -1072 - -1613. What is the hundreds digit of z?
5
Suppose -3*h + 2*a = -2*h - 74, 2*a - 358 = -5*h. Suppose -n - h = l + l, -47 = l - 5*n. Let w = l + 66. What is the units digit of w?
9
Let o = -874 - -4813. What is the tens digit of o?
3
Let m = 951 + -617. What is the tens digit of m?
3
Let r(p) = -701*p - 65. What is the units digit of r(-1)?
6
Let d = 9 + 18. What is the hundreds digit of d/(-18)*1276/(-6)?
3
Suppose j + 7 = -m + 2*j, j - 37 = 4*m. Let i be m*(-1 - 6/(-15)). Suppose 0 = 5*u - o - 152, 0*o = -2*o + i. What is the units digit of u?
1
Suppose -5*k + k + 460 = 0. Suppose 5*c - c + 744 = 4*r, -5*c = -20. Suppose -2*w + k = -0*f - 5*f, -4*w + r = -2*f. What is the tens digit of w?
4
Let g be ((-2 + 3)/(-1))/(1/3). What is the units digit of -4 - (-6 + -1 + g)?
6
Let u(x) = -5*x**3 - 10*x**2 + 5*x + 3. Let y(c) = -11*c**3 - 20*c**2 + 10*c + 5. Let s(m) = -9*u(m) + 4*y(m). What is the tens digit of s(-10)?
4
Suppose 0 = 3*c + c - 2*c. Let u = 6 - c. What is the units digit of u?
6
Let a be 254 - (1 + -1 + -2). Suppose -3*l = -7*l + a. What is the units digit of l?
4
What is the units digit of -4*49/(-28) - -948?
5
Let h = 2001 + -1157. What is the units digit of h?
4
Let d(z) = z**2 + 5*z + 7. Let i be d(-8). What is the tens digit of 12/9*(2 + i)?
4
Suppose 4*h + 4*o - 2054 = -o, 5*h + 4*o = 2563. What is the units digit of h?
1
Let a(h) = -26*h**3 - 7*h**2 + 8*h + 3. Let y(i) = -i**2 + i + 1. Let s(r) = -a(r) + 5*y(r). What is the units digit of s(1)?
7
Let f = -10 - -23. What is the units digit of (2/2 + f)*(-22)/(-4)?
7
Let y be 48*(16/(-12) - 0). Let s = y - -150. Let d = s - 32. What is the tens digit of d?
5
Suppose 0 = 10*u - 9206 - 30134. What is the units digit of u?
4
Suppose -6*x = -39 + 9. Let o(q) = -12*q + 15 - 8 - x. What is the units digit of o(-2)?
6
Let z = 247 - -24. What is the hundreds digit of z?
2
Suppose 0 = -4*m + 22 + 10. Let j = 15 - m. Suppose j*w - 4*w = 93. What is the tens digit of w?
3
Let p be 9*(1 + (-6)/9). Suppose -p*c + 73 = -68. What is the tens digit of c?
4
Let z = -294 - -190. Let x = 159 + z. What is the tens digit of x?
5
Let r be 54/(-18) - (0/2 + -5). Suppose p + 301 = r*n, 3*n - 498 = -5*p - 27. What is the tens digit of n?
5
Let q be ((-24)/(-15))/(2 - (-1276)/(-640)). Let z = 531 - q. What is the tens digit of z?
7
Let t = -3058 - -6689. What is the hundreds digit of t?
6
Let j be ((-68)/8 - 3)*-28. Let k = 513 - j. What is the units digit of k?
1
Let c = 159 + -559. What is the tens digit of (-1 + -1 + c/4)*-1?
0
Let b = 20 - 0. Suppose -i + 57 = u, 0 = i + 3*i + b. Let z = u + -30. What is the tens digit of z?
3
Let c be (-1 - 1) + 11 + 3. Let h(q) = -16*q**2 + 76*q - 9. Let a(b) = -3*b**2 + 15*b - 2. Let l(r) = 11*a(r) - 2*h(r). What is the units digit of l(c)?
8
Let u be 2/(-3) - 988/(-78). Let a = 2 + 6. What is the units digit of a/(-60)*-5*u?
8
What is the hundreds digit of (-1480)/(-100)*35/2?
2
Let k(y) be the third derivative of -y**6/120 - y**4/24 + 7*y**2. Let h be k(0). Suppose -2*s - 4*i + 5*i + 68 = h, i = 2. What is the units digit of s?
5
What is the tens digit of -2*(-3)/24 - 1017/(-12)?
8
Let y(x) = -x**3 + 13*x**2 - 8*x - 12. What is the tens digit of y(8)?
4
Let q = 1667 + -1045. What is the hundreds digit of q?
6
Let u = -35 - -40. Suppose -1010 + 290 = -u*n. What is the tens digit of n?
4
Let z(a) = -5*a + 9. Let b be z(7). Let f = 34 - b. What is the tens digit of f?
6
Suppose 62 - 72 = -2*i. Suppose -441 = -3*u - i*p, -p + 3*p = -4*u + 588. What is the hundreds digit of u?
1
Let z = 165 - 58. Suppose 5*x - z = 5*p + 223, 86 = x + 3*p. What is the tens digit of x?
7
Suppose 6*i - 5*i - 6 = 0. Suppose i = 2*p - 40. What is the units digit of p?
3
Let r(k) = -3*k + 1. Let i(v) = 13*v - 12. Let m(j) = i(j) + 2*r(j). Let c be (5/2)/(3/6). What is the tens digit of m(c)?
2
Let s(a) = a**3 + 6*a**2 - 8*a + 3. Suppose 5 = g + 12. What is the tens digit of s(g)?
1
What is the thousands digit of 2319 - (9 + -2 + 0)?
2
Suppose -4*m = 5*t - 125, -4*t = 2*m + m - 100. Let b = t + -17. What is the units digit of b?
8
What is the thousands digit of -3 + ((-408)/(-20))/((-36)/(-9960))?
5
Suppose 0*s + 20 = 4*s. Let m be 1 - s/((-20)/12). Suppose -4*f + 80 = 3*z - 4*z, 5*z + 64 = m*f. What is the tens digit of f?
2
Suppose -3*m - 4*n = -2571 - 1113, m + 4*n = 1220. What is the tens digit of m?
3
Let c = -4586 - -7579. What is the tens digit of c?
9
Let q(i) = -i - 7. Let w be q(-4). Let c(r) be the second derivative of -5*r**3/2 + 3*r**2/2 - 4*r. What is the tens digit of c(w)?
4
Let u(q) = q**3 - 8*q**2 - 9*q + 11. Let x be u(9). Let b = 24 + x. What is the units digit of b?
5
Let m be 6*4*(-6)/(-9). Let n = m - 12. Let a = n - -2. What is the units digit of a?
6
Let r(m) = 4*m - 1. Let x be r(1). Suppose w = 3*y - 150, x*y + 2*w + 2*w - 150 = 0. What is the tens digit of y?
5
Let b be -4 - (-1 - (5 + -6)). What is the tens digit of (-2 + (-46)/b)*(1 - -9)?
9
Let j(x) = -x**3 + 